= 4*q - g, 101*q - 104*q + 4*g + 27 = 0. Calculate the remainder when 219 is divided by q.
11
Suppose 3*y = -2*a + 22, -y = 6 - 10. Suppose 2*b + 4*d - 8 = 20, 5*b = a*d + 130. What is the remainder when 152 is divided by b?
20
Suppose 0 = -3629*n + 3716*n - 870. Let p(o) = 7*o**2 - 7*o - 8. Let z be p(6). Let u = z - 144. What is the remainder when u is divided by n?
8
Let h(z) = -z**2 + 3*z. Let t be h(5). Let k(n) = -8*n + 22. Calculate the remainder when k(-9) is divided by (1*240/50)/((-2)/t).
22
Let g(p) = -p - 6. Let x be g(-10). Let s be x - ((-35 - 2) + 1). What is the remainder when (48/32)/(3/s) is divided by 11?
9
Let a be -338*((-1)/(-4))/((-9)/(-18)). Let t = a + 346. Let l = -138 + t. What is the remainder when 109 is divided by l?
31
Let t(g) = 2*g**2 - 25*g + 18. Let q(x) = 12*x. Let l be q(1). What is the remainder when 44 is divided by t(l)?
2
Let r = 75 - 48. Suppose -43*g + 35396 = -8593. What is the remainder when g is divided by r?
24
Let d = -5913 + 5982. What is the remainder when 9866 is divided by d?
68
Let z be (-3 + 0 - 1) + 13. Calculate the remainder when 103 is divided by 232/9 + 2/z.
25
Let p(l) = 223*l - 440. What is the remainder when p(5) is divided by 62?
55
Suppose 37*j - 32 = 34*j - 5. Let z = -29 + 143. What is the remainder when z is divided by j?
6
Let w(b) = 4*b**2 - 4*b + 9. Let c be w(-7). Let s be (0 - -3)*11/3. Suppose -90 = s*x - c. What is the remainder when 76 is divided by x?
11
Let l be 3 - ((-1)/(-1))/1. Suppose -3*g + 2*b + 85 + 57 = 0, 94 = l*g - b. Calculate the remainder when 180 is divided by g.
42
Let z = 4440 - 4452. Suppose 0 = 3*l + 2*l - 30. Calculate the remainder when 17 is divided by (z + l)*((-8)/3)/4.
1
Let r(v) = -3*v**2 - 126*v - 112. Let z = 85 + -37. Calculate the remainder when r(-35) is divided by z.
47
Let f(h) = 2*h + 202. Calculate the remainder when f(-15) is divided by 106.
66
Let v(i) = 7*i**3 - i**2 - 11*i + 9. Let a be v(-4). Let j = 435 + a. Calculate the remainder when ((-3)/(-2))/((-2)/(-92)) is divided by j.
21
Suppose -5*r + 514 + 226 = 0. What is the remainder when r is divided by ((-1)/8)/(((-38)/14136)/(4/6))?
24
Let v be (56/(-21))/((-4)/66). Suppose 0 = -3*o - 12, -2*o - 2*o + v = 4*s. Let q = -149 + 157. Calculate the remainder when s is divided by q.
7
Suppose -2*r = -t + 218 - 9142, -2*r - 4*t = -8914. Calculate the remainder when r is divided by 9.
6
Let r(f) = 12 + 0*f**3 + f**3 - 34*f**2 + 33*f**2 - 2*f. What is the remainder when r(3) is divided by 15?
9
Suppose -13*v - 1142 = -3482. What is the remainder when v is divided by 8?
4
Let g(z) be the second derivative of -13*z**3/6 + 33*z**2 - z + 5. Calculate the remainder when g(4) is divided by 5.
4
Let w be 6/30 + (-888)/(-10). Let n(a) = -a**2 + 16*a - 90. Let x be n(15). Let p = x + w. What is the remainder when 96 is divided by p?
12
Let r(m) = 43*m + 5. Let x(k) = 102*k - 15798. What is the remainder when r(6) is divided by x(155)?
11
Let j = 11 + 218. Let g = j + -189. What is the remainder when 558 is divided by g?
38
Let n(a) = 2*a**3 + 20*a**2 + 18*a + 4. Let v be n(-9). Calculate the remainder when 179 is divided by -9 + 6 - (-84)/v.
17
Let v = -1 - -3. Suppose -2569 + 2571 = -2*k. Calculate the remainder when -1 + 0 - (v + (k - 13)) is divided by 7.
4
Let r(b) = -873*b - 124. Let a be r(-5). Suppose -a*o = -4247*o + 348. What is the remainder when o is divided by 19?
1
Calculate the remainder when 12 - -471*(-100)/(-60) is divided by 8.
5
Suppose 421 = 5*u + 11896. Calculate the remainder when (-4)/(-7) - u/63 is divided by 4.
1
Let c be -1 - -2 - 44*-38. Suppose -280*m + c = -273*m. Calculate the remainder when m is divided by 24.
23
Let h be (-22)/10*-5*1. Suppose 111 = 5*n - a, 8*a = h*a - 12. What is the remainder when 79 is divided by n?
10
Let p(g) = -g**3 + 19*g**2 + 19*g + 24. Let n be p(20). Suppose 10*w - 7*w + n*a - 1152 = 0, 4*w - 1558 = 2*a. What is the remainder when w is divided by 10?
8
Let o(k) = -7*k - 24. Suppose -85*t = -80*t + 25. Calculate the remainder when o(t) is divided by 5.
1
Suppose -3507 = -45*l - 549 + 3027. Calculate the remainder when 151 is divided by l.
18
Let m be 38 + 8 - (2 - 0). Suppose -3*z = 12, 2*r + z - 4*z - m = 0. Calculate the remainder when 111 is divided by r.
15
Let t = 1276 - 1195. Calculate the remainder when 409 is divided by t.
4
Let o(z) = -5*z + 24. Let m be o(4). Calculate the remainder when 37 is divided by 0 + m + (-6)/2 + 9.
7
Suppose -616 = -9*w + w. Suppose 3*g - 7*g + 163 = x, w = 2*g + 5*x. What is the remainder when g is divided by 13?
2
Let f(b) = 12*b + 173. Let j(x) = -49*x - 688. Let h(s) = 9*f(s) + 2*j(s). Calculate the remainder when 137 is divided by h(-15).
13
Let i = -9 + 49. Let a = i - 5. Suppose -5*p + a = -4*k, -p - 6 = 5*k + 16. Calculate the remainder when 5 is divided by p.
2
Let v(d) = d**2 - d - 1. Suppose 0 = 5*j - 2*w + 1, 10*j - 3 = 9*j + 2*w. What is the remainder when j*16*(-126)/63 is divided by v(-4)?
13
Calculate the remainder when 122 is divided by ((-92)/138)/(-2 - (-1041)/522).
6
Suppose 0 = -13*n - 10*n - 319 + 1492. Let d(y) = -3*y - 8. Let p = 1 - 8. What is the remainder when n is divided by d(p)?
12
Suppose 48*w = 44*w - 340. Let v = 90 + w. What is the remainder when 52 is divided by v?
2
Let f(y) = 4*y**3 + y**2 + 2*y - 2. Let b be f(1). Suppose -b*d + 143 = -v, 5*d + v - 149 = 4*v. Calculate the remainder when 52 is divided by d.
24
Let o = 13529 - 13314. Calculate the remainder when 617 is divided by o.
187
Let f = 887 - 132. Let b = f + -700. What is the remainder when b is divided by 27?
1
Suppose 4*t + 56 = 4*m - 32, -64 = 4*t + 4*m. Let f = t - -53. What is the remainder when f is divided by (6 - (0 - -2)) + 5?
7
Let o = 0 + 16. Let t(m) = -12*m - 88. Let z be t(-6). What is the remainder when (348/z)/(30/(-40)) is divided by o?
13
Let y = -13112 + 13331. What is the remainder when y is divided by 45?
39
Let m be (2/(4/(-3)))/(9/24). Let t be (m - -2*9/6) + 15. Let n(a) = a**2 - 13*a + 1. What is the remainder when n(t) is divided by 9?
6
Let n be (-6)/18 + 1266/18. Let w = n + 46. What is the remainder when w is divided by 13?
12
Suppose -3*j = 5*q + 68, 102 = -7*j + 2*j + 3*q. Let a = 73 - j. Calculate the remainder when a is divided by 32.
30
Suppose 142*y - 23391 = 12251. Calculate the remainder when y is divided by 162.
89
Suppose -3*n = 5*l - 317, 4*l = -2*n + 179 + 37. Calculate the remainder when n is divided by 12.
10
Suppose -28080 = 8087*s - 8139*s. What is the remainder when s is divided by 203?
134
Let h = 12 + -5. Let t be 7*(4 + (-26)/h). Suppose 3*z - 4*z = t*g - 7, 7 = z - g. What is the remainder when 11 is divided by z?
4
Let h(u) = -11*u - 68. Let z(k) = k**2 - 2*k - 43. Let b be z(-5). Calculate the remainder when h(b) is divided by 15.
5
Let r = -3307 + 3859. Calculate the remainder when r is divided by 13.
6
Let c be ((-453)/6)/(6/(-4) + 1). Let r = 233 - c. Calculate the remainder when r is divided by 43.
39
What is the remainder when 639 is divided by (10 + 68/(-8))*(16 - -4) - -7?
10
Let n(j) = j**3 + 7*j**2 + 7*j + 4. Calculate the remainder when 900 is divided by n(-5).
7
Let x = -5422 + 5459. What is the remainder when 441 is divided by x?
34
Let f(x) be the second derivative of 0 - 63/2*x**2 - 47*x - 2*x**3. What is the remainder when 19 is divided by f(-6)?
1
Let b be 6/8 - 197/(-12)*-21. Let g = 671 + b. What is the remainder when g is divided by 82?
81
Let k(i) be the third derivative of i**6/60 - 23*i**5/60 - 11*i**4/24 + i**3/6 - 3*i**2 - 1. What is the remainder when 51 is divided by k(12)?
12
Suppose 0 = -q - 40 + 29. What is the remainder when (-2820)/(-22) - (-6 + (-68)/q) is divided by 5?
3
Suppose -51 = -18*q + 39. Suppose q*g - 667 = 5*a + 2543, 3*a + 644 = g. What is the remainder when g is divided by 14?
11
Let n be (-13 - -10)*20/(-12). Suppose -4*d = g - 437, -9*g - 12 = -n*g. Let p(a) = 3*a**2 + 3*a - 3. Calculate the remainder when d is divided by p(-5).
53
Suppose -6*s - 251 = 667. Let h = -135 - s. What is the remainder when 71 is divided by h?
17
Suppose -2*k - 6*a + 2*a - 24 = 0, -3*a = 9. What is the remainder when 87 is divided by ((5 - 3) + -7 - k) + 30?
25
Suppose -11 - 22 = -11*n. Suppose n*t + o = 11 + 36, o = -5*t + 77.